{"id":11,"date":"2024-10-17T18:26:17","date_gmt":"2024-10-17T15:26:17","guid":{"rendered":"https:\/\/diyanetgorsen.org.tr\/canakkalesube\/?page_id=11"},"modified":"2025-01-08T19:23:48","modified_gmt":"2025-01-08T16:23:48","slug":"ana-sayfa","status":"publish","type":"page","link":"https:\/\/diyanetgorsen.org.tr\/canakkalesube\/","title":{"rendered":"Ana Sayfa"},"content":{"rendered":"\t<section class=\"section\" id=\"section_1363687140\">\n\t\t<div class=\"bg section-bg fill bg-fill  bg-loaded\" >\n\n\t\t\t\n\t\t\t\n\t\t\t\n\n\t\t<\/div>\n\n\t\t\n\n\t\t<div class=\"section-content relative\">\n\t\t\t\n<div class=\"container section-title-container\" ><h3 class=\"section-title section-title-normal\"><b><\/b><span class=\"section-title-main\" >\u00c7ANAKKALE \u015eUBE<\/span><b><\/b><\/h3><\/div>\n<div class=\"row\"  id=\"row-312103460\">\n\n\t<div id=\"col-1932043378\" class=\"col medium-3 small-12 large-3\"  >\n\t\t\t\t<div class=\"col-inner\"  >\n\t\t\t\n\t\t\t\n\t<div class=\"box has-hover   has-hover box-shadow-3 box-text-bottom\" >\n\n\t\t<div class=\"box-image\" >\n\t\t\t<a href=\"https:\/\/diyanetgorsen.org.tr\/sendikamiz\/il-baskanlari\/yusuf-guneri-2\/\" >\t\t\t<div class=\"\" >\n\t\t\t\t<img loading=\"lazy\" decoding=\"async\" width=\"225\" height=\"270\" src=\"https:\/\/diyanetgorsen.org.tr\/canakkalesube\/wp-content\/uploads\/sites\/2\/2024\/10\/Yusuf-Guneri.webp\" class=\"attachment- size-\" alt=\"\" \/>\t\t\t\t\t\t\t\t\t\t\t<\/div>\n\t\t\t<\/a>\t\t<\/div>\n\n\t\t<div class=\"box-text text-center\" >\n\t\t\t<div class=\"box-text-inner\">\n\t\t\t\t\n<h4><a href=\"https:\/\/diyanetgorsen.org.tr\/sendikamiz\/il-baskanlari\/yusuf-guneri-2\/\">YUSUF G\u00dcNER\u0130<\/a><\/h4>\n<p><a href=\"https:\/\/diyanetgorsen.org.tr\/sendikamiz\/il-baskanlari\/yusuf-guneri-2\/\">\u00c7anakkale \u0130l Ba\u015fkan\u0131<\/a><\/p>\n\t\t\t<\/div>\n\t\t<\/div>\n\t<\/div>\n\t\n\t\t<\/div>\n\t\t\t\t\t<\/div>\n\n\t\n\n\t<div id=\"col-2093880504\" class=\"col medium-4 small-12 large-4\"  >\n\t\t\t\t<div class=\"col-inner\"  >\n\t\t\t\n\t\t\t\n<p><strong>ADRES:<\/strong> \u015eube adres bilgileri bu alana girilecek. \u015eube adres bilgileri bu alana girilecek.<\/p>\n<p><strong>TELEFON:<\/strong> +90 545 662 88 18<\/p>\n<p><strong>E-POSTA:<\/strong> canakkalesube@diyanetgorsen.org.tr<\/p>\n\t\t<\/div>\n\t\t\t\t\t<\/div>\n\n\t\n\n\t<div id=\"col-1408799867\" class=\"col medium-5 small-12 large-5\"  >\n\t\t\t\t<div class=\"col-inner\"  >\n\t\t\t\n\t\t\t\n<p><iframe src=\"https:\/\/www.google.com\/maps\/embed?pb=!1m18!1m12!1m3!1d48808.42641217741!2d26.385893315789456!3d40.13055110038545!2m3!1f0!2f0!3f0!3m2!1i1024!2i768!4f13.1!3m3!1m2!1s0x14b1a9d8214a2f3f%3A0x8cebeb3703e22f7f!2zw4dhbmFra2FsZSwgw4dhbmFra2FsZSBNZXJrZXovw4dhbmFra2FsZQ!5e0!3m2!1str!2str!4v1729237758810!5m2!1str!2str\" width=\"100%\" height=\"370\" style=\"border:0;\" allowfullscreen=\"\" loading=\"lazy\" referrerpolicy=\"no-referrer-when-downgrade\"><\/iframe><\/p>\n\t\t<\/div>\n\t\t\t\t\t<\/div>\n\n\t\n<\/div>\n<div class=\"container section-title-container\" ><h3 class=\"section-title section-title-normal\"><b><\/b><span class=\"section-title-main\" >HABERLER<\/span><b><\/b><\/h3><\/div>\n\n  \n    <div class=\"row large-columns-4 medium-columns-3 small-columns-1\" >\n  <div class=\"col post-item\" >\n\t\t\t<div class=\"col-inner\">\n\t\t\t\t<div class=\"box box-bounce box-text-bottom box-blog-post has-hover\">\n            \t\t\t\t\t<div class=\"box-image\" >\n  \t\t\t\t\t\t<div class=\"image-cover\" style=\"padding-top:75%;\">\n\t\t\t\t\t\t\t<a href=\"https:\/\/diyanetgorsen.org.tr\/canakkalesube\/2024\/10\/18\/canakkale-haber-04\/\" class=\"plain\" aria-label=\"\u00c7anakkale\">\n\t\t\t\t\t\t\t\t<img loading=\"lazy\" decoding=\"async\" width=\"300\" height=\"225\" src=\"https:\/\/diyanetgorsen.org.tr\/canakkalesube\/wp-content\/uploads\/sites\/2\/2024\/10\/612CanakkaleCavalloTroia-300x225.jpg\" class=\"attachment-medium size-medium wp-post-image\" alt=\"\" srcset=\"https:\/\/diyanetgorsen.org.tr\/canakkalesube\/wp-content\/uploads\/sites\/2\/2024\/10\/612CanakkaleCavalloTroia-300x225.jpg 300w, https:\/\/diyanetgorsen.org.tr\/canakkalesube\/wp-content\/uploads\/sites\/2\/2024\/10\/612CanakkaleCavalloTroia-768x576.jpg 768w, https:\/\/diyanetgorsen.org.tr\/canakkalesube\/wp-content\/uploads\/sites\/2\/2024\/10\/612CanakkaleCavalloTroia.jpg 800w\" sizes=\"auto, (max-width: 300px) 100vw, 300px\" \/>\t\t\t\t\t\t\t<\/a>\n  \t\t\t\t\t\t\t  \t\t\t\t\t\t\t  \t\t\t\t\t\t<\/div>\n  \t\t\t\t\t\t  \t\t\t\t\t<\/div>\n          \t\t\t\t\t<div class=\"box-text text-center\" >\n\t\t\t\t\t<div class=\"box-text-inner blog-post-inner\">\n\n\t\t\t\t\t\n\t\t\t\t\t\t\t\t\t\t<h5 class=\"post-title is-large \">\n\t\t\t\t\t\t<a href=\"https:\/\/diyanetgorsen.org.tr\/canakkalesube\/2024\/10\/18\/canakkale-haber-04\/\" class=\"plain\">\u00c7anakkale<\/a>\n\t\t\t\t\t<\/h5>\n\t\t\t\t\t\t\t\t\t\t<div class=\"is-divider\"><\/div>\n\t\t\t\t\t\t\t\t\t\t<p class=\"from_the_blog_excerpt \">\n\t\t\t\t\t\tAntik \u00e7a\u011fdan kalan\u00a0Troya\u00a0kal\u0131nt\u0131lar\u0131 il s\u0131n\u0131rlar\u0131 i\u00e7erisindedir. B\u00f6lgede ilk yerle\u015fim yakla\u015f\u0131k 6000 y\u0131l \u00f6ncesindeki\u00a0Bak\u0131r \u00c7a\u011f\u0131&#8216;na dayan\u0131r.[6]\u00a0Fakat [...]\t\t\t\t\t<\/p>\n\t\t\t\t\t                    \n\t\t\t\t\t\n\t\t\t\t\t\n\t\t\t\t\t<\/div>\n\t\t\t\t\t<\/div>\n\t\t\t\t\t\t\t\t\t\t\t\t\t\t\t\t<div class=\"badge absolute top post-date badge-square\">\n\t\t\t\t\t\t\t<div class=\"badge-inner\">\n\t\t\t\t\t\t\t\t<span class=\"post-date-day\">18<\/span><br>\n\t\t\t\t\t\t\t\t<span class=\"post-date-month is-xsmall\">Eki<\/span>\n\t\t\t\t\t\t\t<\/div>\n\t\t\t\t\t\t<\/div>\n\t\t\t\t\t\t\t\t\t<\/div>\n\t\t\t<\/div>\n\t\t<\/div><div class=\"col post-item\" >\n\t\t\t<div class=\"col-inner\">\n\t\t\t\t<div class=\"box box-bounce box-text-bottom box-blog-post has-hover\">\n            \t\t\t\t\t<div class=\"box-image\" >\n  \t\t\t\t\t\t<div class=\"image-cover\" style=\"padding-top:75%;\">\n\t\t\t\t\t\t\t<a href=\"https:\/\/diyanetgorsen.org.tr\/canakkalesube\/2024\/10\/18\/canakkale-haber-03\/\" class=\"plain\" aria-label=\"\u00c7anakkale Haber 03\">\n\t\t\t\t\t\t\t\t<img loading=\"lazy\" decoding=\"async\" width=\"300\" height=\"225\" src=\"https:\/\/diyanetgorsen.org.tr\/canakkalesube\/wp-content\/uploads\/sites\/2\/2024\/10\/gorsel03-300x225.webp\" class=\"attachment-medium size-medium wp-post-image\" alt=\"\" srcset=\"https:\/\/diyanetgorsen.org.tr\/canakkalesube\/wp-content\/uploads\/sites\/2\/2024\/10\/gorsel03-300x225.webp 300w, https:\/\/diyanetgorsen.org.tr\/canakkalesube\/wp-content\/uploads\/sites\/2\/2024\/10\/gorsel03.webp 640w\" sizes=\"auto, (max-width: 300px) 100vw, 300px\" \/>\t\t\t\t\t\t\t<\/a>\n  \t\t\t\t\t\t\t  \t\t\t\t\t\t\t  \t\t\t\t\t\t<\/div>\n  \t\t\t\t\t\t  \t\t\t\t\t<\/div>\n          \t\t\t\t\t<div class=\"box-text text-center\" >\n\t\t\t\t\t<div class=\"box-text-inner blog-post-inner\">\n\n\t\t\t\t\t\n\t\t\t\t\t\t\t\t\t\t<h5 class=\"post-title is-large \">\n\t\t\t\t\t\t<a href=\"https:\/\/diyanetgorsen.org.tr\/canakkalesube\/2024\/10\/18\/canakkale-haber-03\/\" class=\"plain\">\u00c7anakkale Haber 03<\/a>\n\t\t\t\t\t<\/h5>\n\t\t\t\t\t\t\t\t\t\t<div class=\"is-divider\"><\/div>\n\t\t\t\t\t\t\t\t\t\t<p class=\"from_the_blog_excerpt \">\n\t\t\t\t\t\t\t\t\t\t\t<\/p>\n\t\t\t\t\t                    \n\t\t\t\t\t\n\t\t\t\t\t\n\t\t\t\t\t<\/div>\n\t\t\t\t\t<\/div>\n\t\t\t\t\t\t\t\t\t\t\t\t\t\t\t\t<div class=\"badge absolute top post-date badge-square\">\n\t\t\t\t\t\t\t<div class=\"badge-inner\">\n\t\t\t\t\t\t\t\t<span class=\"post-date-day\">18<\/span><br>\n\t\t\t\t\t\t\t\t<span class=\"post-date-month is-xsmall\">Eki<\/span>\n\t\t\t\t\t\t\t<\/div>\n\t\t\t\t\t\t<\/div>\n\t\t\t\t\t\t\t\t\t<\/div>\n\t\t\t<\/div>\n\t\t<\/div><div class=\"col post-item\" >\n\t\t\t<div class=\"col-inner\">\n\t\t\t\t<div class=\"box box-bounce box-text-bottom box-blog-post has-hover\">\n            \t\t\t\t\t<div class=\"box-image\" >\n  \t\t\t\t\t\t<div class=\"image-cover\" style=\"padding-top:75%;\">\n\t\t\t\t\t\t\t<a href=\"https:\/\/diyanetgorsen.org.tr\/canakkalesube\/2024\/10\/18\/canakkale-haber-02\/\" class=\"plain\" aria-label=\"\u00c7anakkale Haber 02\">\n\t\t\t\t\t\t\t\t<img loading=\"lazy\" decoding=\"async\" width=\"300\" height=\"225\" src=\"https:\/\/diyanetgorsen.org.tr\/canakkalesube\/wp-content\/uploads\/sites\/2\/2024\/10\/gorsel02-300x225.webp\" class=\"attachment-medium size-medium wp-post-image\" alt=\"\" srcset=\"https:\/\/diyanetgorsen.org.tr\/canakkalesube\/wp-content\/uploads\/sites\/2\/2024\/10\/gorsel02-300x225.webp 300w, https:\/\/diyanetgorsen.org.tr\/canakkalesube\/wp-content\/uploads\/sites\/2\/2024\/10\/gorsel02.webp 640w\" sizes=\"auto, (max-width: 300px) 100vw, 300px\" \/>\t\t\t\t\t\t\t<\/a>\n  \t\t\t\t\t\t\t  \t\t\t\t\t\t\t  \t\t\t\t\t\t<\/div>\n  \t\t\t\t\t\t  \t\t\t\t\t<\/div>\n          \t\t\t\t\t<div class=\"box-text text-center\" >\n\t\t\t\t\t<div class=\"box-text-inner blog-post-inner\">\n\n\t\t\t\t\t\n\t\t\t\t\t\t\t\t\t\t<h5 class=\"post-title is-large \">\n\t\t\t\t\t\t<a href=\"https:\/\/diyanetgorsen.org.tr\/canakkalesube\/2024\/10\/18\/canakkale-haber-02\/\" class=\"plain\">\u00c7anakkale Haber 02<\/a>\n\t\t\t\t\t<\/h5>\n\t\t\t\t\t\t\t\t\t\t<div class=\"is-divider\"><\/div>\n\t\t\t\t\t\t\t\t\t\t<p class=\"from_the_blog_excerpt \">\n\t\t\t\t\t\t\t\t\t\t\t<\/p>\n\t\t\t\t\t                    \n\t\t\t\t\t\n\t\t\t\t\t\n\t\t\t\t\t<\/div>\n\t\t\t\t\t<\/div>\n\t\t\t\t\t\t\t\t\t\t\t\t\t\t\t\t<div class=\"badge absolute top post-date badge-square\">\n\t\t\t\t\t\t\t<div class=\"badge-inner\">\n\t\t\t\t\t\t\t\t<span class=\"post-date-day\">18<\/span><br>\n\t\t\t\t\t\t\t\t<span class=\"post-date-month is-xsmall\">Eki<\/span>\n\t\t\t\t\t\t\t<\/div>\n\t\t\t\t\t\t<\/div>\n\t\t\t\t\t\t\t\t\t<\/div>\n\t\t\t<\/div>\n\t\t<\/div><div class=\"col post-item\" >\n\t\t\t<div class=\"col-inner\">\n\t\t\t\t<div class=\"box box-bounce box-text-bottom box-blog-post has-hover\">\n            \t\t\t\t\t<div class=\"box-image\" >\n  \t\t\t\t\t\t<div class=\"image-cover\" style=\"padding-top:75%;\">\n\t\t\t\t\t\t\t<a href=\"https:\/\/diyanetgorsen.org.tr\/canakkalesube\/2024\/10\/17\/merhaba-dunya\/\" class=\"plain\" aria-label=\"\u00c7anakkale Haber 01\">\n\t\t\t\t\t\t\t\t<img loading=\"lazy\" decoding=\"async\" width=\"300\" height=\"225\" src=\"https:\/\/diyanetgorsen.org.tr\/canakkalesube\/wp-content\/uploads\/sites\/2\/2024\/10\/gorsel01-300x225.webp\" class=\"attachment-medium size-medium wp-post-image\" alt=\"\" srcset=\"https:\/\/diyanetgorsen.org.tr\/canakkalesube\/wp-content\/uploads\/sites\/2\/2024\/10\/gorsel01-300x225.webp 300w, https:\/\/diyanetgorsen.org.tr\/canakkalesube\/wp-content\/uploads\/sites\/2\/2024\/10\/gorsel01.webp 640w\" sizes=\"auto, (max-width: 300px) 100vw, 300px\" \/>\t\t\t\t\t\t\t<\/a>\n  \t\t\t\t\t\t\t  \t\t\t\t\t\t\t  \t\t\t\t\t\t<\/div>\n  \t\t\t\t\t\t  \t\t\t\t\t<\/div>\n          \t\t\t\t\t<div class=\"box-text text-center\" >\n\t\t\t\t\t<div class=\"box-text-inner blog-post-inner\">\n\n\t\t\t\t\t\n\t\t\t\t\t\t\t\t\t\t<h5 class=\"post-title is-large \">\n\t\t\t\t\t\t<a href=\"https:\/\/diyanetgorsen.org.tr\/canakkalesube\/2024\/10\/17\/merhaba-dunya\/\" class=\"plain\">\u00c7anakkale Haber 01<\/a>\n\t\t\t\t\t<\/h5>\n\t\t\t\t\t\t\t\t\t\t<div class=\"is-divider\"><\/div>\n\t\t\t\t\t\t\t\t\t\t<p class=\"from_the_blog_excerpt \">\n\t\t\t\t\t\t\t\t\t\t\t<\/p>\n\t\t\t\t\t                                            <p class=\"from_the_blog_comments uppercase is-xsmall\">\n                            1 Yorum                        <\/p>\n                    \n\t\t\t\t\t\n\t\t\t\t\t\n\t\t\t\t\t<\/div>\n\t\t\t\t\t<\/div>\n\t\t\t\t\t\t\t\t\t\t\t\t\t\t\t\t<div class=\"badge absolute top post-date badge-square\">\n\t\t\t\t\t\t\t<div class=\"badge-inner\">\n\t\t\t\t\t\t\t\t<span class=\"post-date-day\">17<\/span><br>\n\t\t\t\t\t\t\t\t<span class=\"post-date-month is-xsmall\">Eki<\/span>\n\t\t\t\t\t\t\t<\/div>\n\t\t\t\t\t\t<\/div>\n\t\t\t\t\t\t\t\t\t<\/div>\n\t\t\t<\/div>\n\t\t<\/div><\/div>\n\t\t<\/div>\n\n\t\t\n<style>\n#section_1363687140 {\n  padding-top: 10px;\n  padding-bottom: 10px;\n}\n<\/style>\n\t<\/section>\n\t\n","protected":false},"excerpt":{"rendered":"","protected":false},"author":1,"featured_media":0,"parent":0,"menu_order":0,"comment_status":"closed","ping_status":"closed","template":"page-blank.php","meta":{"_joinchat":[],"footnotes":""},"class_list":["post-11","page","type-page","status-publish","hentry"],"yoast_head":"<!-- This site is optimized with the Yoast SEO plugin v26.7 - https:\/\/yoast.com\/wordpress\/plugins\/seo\/ -->\n<title>Ana Sayfa - Diyanet G\u00f6r-Sen \u00c7anakkale \u015eubesi<\/title>\n<meta name=\"robots\" content=\"index, follow, max-snippet:-1, max-image-preview:large, max-video-preview:-1\" \/>\n<link rel=\"canonical\" href=\"https:\/\/diyanetgorsen.org.tr\/canakkalesube\/\" \/>\n<meta property=\"og:locale\" content=\"tr_TR\" \/>\n<meta property=\"og:type\" content=\"article\" \/>\n<meta property=\"og:title\" content=\"Ana Sayfa - Diyanet G\u00f6r-Sen \u00c7anakkale \u015eubesi\" \/>\n<meta property=\"og:url\" content=\"https:\/\/diyanetgorsen.org.tr\/canakkalesube\/\" \/>\n<meta property=\"og:site_name\" content=\"Diyanet G\u00f6r-Sen \u00c7anakkale \u015eubesi\" \/>\n<meta property=\"article:modified_time\" content=\"2025-01-08T16:23:48+00:00\" \/>\n<meta name=\"twitter:card\" content=\"summary_large_image\" \/>\n<script type=\"application\/ld+json\" class=\"yoast-schema-graph\">{\"@context\":\"https:\/\/schema.org\",\"@graph\":[{\"@type\":\"WebPage\",\"@id\":\"https:\/\/diyanetgorsen.org.tr\/canakkalesube\/\",\"url\":\"https:\/\/diyanetgorsen.org.tr\/canakkalesube\/\",\"name\":\"Ana Sayfa - Diyanet G\u00f6r-Sen \u00c7anakkale \u015eubesi\",\"isPartOf\":{\"@id\":\"https:\/\/diyanetgorsen.org.tr\/canakkalesube\/#website\"},\"datePublished\":\"2024-10-17T15:26:17+00:00\",\"dateModified\":\"2025-01-08T16:23:48+00:00\",\"breadcrumb\":{\"@id\":\"https:\/\/diyanetgorsen.org.tr\/canakkalesube\/#breadcrumb\"},\"inLanguage\":\"tr\",\"potentialAction\":[{\"@type\":\"ReadAction\",\"target\":[\"https:\/\/diyanetgorsen.org.tr\/canakkalesube\/\"]}]},{\"@type\":\"BreadcrumbList\",\"@id\":\"https:\/\/diyanetgorsen.org.tr\/canakkalesube\/#breadcrumb\",\"itemListElement\":[{\"@type\":\"ListItem\",\"position\":1,\"name\":\"Anasayfa\",\"item\":\"https:\/\/diyanetgorsen.org.tr\/canakkalesube\/\"},{\"@type\":\"ListItem\",\"position\":2,\"name\":\"Ana Sayfa\"}]},{\"@type\":\"WebSite\",\"@id\":\"https:\/\/diyanetgorsen.org.tr\/canakkalesube\/#website\",\"url\":\"https:\/\/diyanetgorsen.org.tr\/canakkalesube\/\",\"name\":\"Diyanet G\u00f6r-Sen \u00c7anakkale \u015eubesi\",\"description\":\"\",\"potentialAction\":[{\"@type\":\"SearchAction\",\"target\":{\"@type\":\"EntryPoint\",\"urlTemplate\":\"https:\/\/diyanetgorsen.org.tr\/canakkalesube\/?s={search_term_string}\"},\"query-input\":{\"@type\":\"PropertyValueSpecification\",\"valueRequired\":true,\"valueName\":\"search_term_string\"}}],\"inLanguage\":\"tr\"}]}<\/script>\n<!-- \/ Yoast SEO plugin. -->","yoast_head_json":{"title":"Ana Sayfa - Diyanet G\u00f6r-Sen \u00c7anakkale \u015eubesi","robots":{"index":"index","follow":"follow","max-snippet":"max-snippet:-1","max-image-preview":"max-image-preview:large","max-video-preview":"max-video-preview:-1"},"canonical":"https:\/\/diyanetgorsen.org.tr\/canakkalesube\/","og_locale":"tr_TR","og_type":"article","og_title":"Ana Sayfa - Diyanet G\u00f6r-Sen \u00c7anakkale \u015eubesi","og_url":"https:\/\/diyanetgorsen.org.tr\/canakkalesube\/","og_site_name":"Diyanet G\u00f6r-Sen \u00c7anakkale \u015eubesi","article_modified_time":"2025-01-08T16:23:48+00:00","twitter_card":"summary_large_image","schema":{"@context":"https:\/\/schema.org","@graph":[{"@type":"WebPage","@id":"https:\/\/diyanetgorsen.org.tr\/canakkalesube\/","url":"https:\/\/diyanetgorsen.org.tr\/canakkalesube\/","name":"Ana Sayfa - Diyanet G\u00f6r-Sen \u00c7anakkale \u015eubesi","isPartOf":{"@id":"https:\/\/diyanetgorsen.org.tr\/canakkalesube\/#website"},"datePublished":"2024-10-17T15:26:17+00:00","dateModified":"2025-01-08T16:23:48+00:00","breadcrumb":{"@id":"https:\/\/diyanetgorsen.org.tr\/canakkalesube\/#breadcrumb"},"inLanguage":"tr","potentialAction":[{"@type":"ReadAction","target":["https:\/\/diyanetgorsen.org.tr\/canakkalesube\/"]}]},{"@type":"BreadcrumbList","@id":"https:\/\/diyanetgorsen.org.tr\/canakkalesube\/#breadcrumb","itemListElement":[{"@type":"ListItem","position":1,"name":"Anasayfa","item":"https:\/\/diyanetgorsen.org.tr\/canakkalesube\/"},{"@type":"ListItem","position":2,"name":"Ana Sayfa"}]},{"@type":"WebSite","@id":"https:\/\/diyanetgorsen.org.tr\/canakkalesube\/#website","url":"https:\/\/diyanetgorsen.org.tr\/canakkalesube\/","name":"Diyanet G\u00f6r-Sen \u00c7anakkale \u015eubesi","description":"","potentialAction":[{"@type":"SearchAction","target":{"@type":"EntryPoint","urlTemplate":"https:\/\/diyanetgorsen.org.tr\/canakkalesube\/?s={search_term_string}"},"query-input":{"@type":"PropertyValueSpecification","valueRequired":true,"valueName":"search_term_string"}}],"inLanguage":"tr"}]}},"_links":{"self":[{"href":"https:\/\/diyanetgorsen.org.tr\/canakkalesube\/wp-json\/wp\/v2\/pages\/11","targetHints":{"allow":["GET"]}}],"collection":[{"href":"https:\/\/diyanetgorsen.org.tr\/canakkalesube\/wp-json\/wp\/v2\/pages"}],"about":[{"href":"https:\/\/diyanetgorsen.org.tr\/canakkalesube\/wp-json\/wp\/v2\/types\/page"}],"author":[{"embeddable":true,"href":"https:\/\/diyanetgorsen.org.tr\/canakkalesube\/wp-json\/wp\/v2\/users\/1"}],"replies":[{"embeddable":true,"href":"https:\/\/diyanetgorsen.org.tr\/canakkalesube\/wp-json\/wp\/v2\/comments?post=11"}],"version-history":[{"count":2,"href":"https:\/\/diyanetgorsen.org.tr\/canakkalesube\/wp-json\/wp\/v2\/pages\/11\/revisions"}],"predecessor-version":[{"id":140,"href":"https:\/\/diyanetgorsen.org.tr\/canakkalesube\/wp-json\/wp\/v2\/pages\/11\/revisions\/140"}],"wp:attachment":[{"href":"https:\/\/diyanetgorsen.org.tr\/canakkalesube\/wp-json\/wp\/v2\/media?parent=11"}],"curies":[{"name":"wp","href":"https:\/\/api.w.org\/{rel}","templated":true}]}}